o base 3.
-2122211002
Convert -11000201210 (base 3) to base 16.
-135a2
What is -9a2c09 (base 13) in base 10?
-3633678
What is 3a490 (base 13) in base 15?
221eb
b0a25 (base 13) to base 5
40102032
What is 11369ab (base 13) in base 2?
10100001101100111000101
Convert 69e424 (base 16) to base 5.
3234032214
-17c0612 (base 14) to base 16
-b363c8
-211120221222 (base 3) to base 9
-746858
What is -34993 (base 10) in base 13?
-12c0a
-4edd1 (base 15) to base 4
-331233013
What is -1511476 (base 9) in base 11?
-51a968
What is da7b45 (base 14) in base 13?
16bcccb
What is -2452125 (base 7) in base 3?
-121000111020
24421424 (base 5) to base 15
48e5e
What is 5115554 (base 6) in base 15?
4c2d1
What is -2c67b0 (base 13) in base 12?
-450582
6100904 (base 10) to base 7
102566615
What is a4d7b (base 15) in base 14?
d8743
Convert -13424625 (base 8) to base 4.
-23202212111
-132113045 (base 7) to base 6
-501554102
What is f3de9f (base 16) in base 5?
13042412424
-11192 (base 16) to base 13
-25b53
What is 111000100011000000111000 (base 2) in base 7?
236666100
Convert 3213023200 (base 4) to base 7.
11022451
What is 451320 (base 6) in base 9?
57013
What is -189bb34 (base 12) in base 8?
-23614630
-86280 (base 13) to base 5
-30221422
53033313 (base 7) to base 6
240000203
Convert 1100100110110101011000 (base 2) to base 7.
40042651
What is -4402155 (base 6) in base 14?
-5975d
What is 1000100000101101 (base 2) in base 8?
104055
What is 204381 (base 10) in base 7?
1510602
Convert -200021221102002 (base 3) to base 11.
-5540513
-424501 (base 8) to base 13
-4c60b
-1213136 (base 7) to base 3
-21212022012
Convert -1334125 (base 6) to base 10.
-74789
Convert 810533 (base 16) to base 9.
16816652
What is 112262 (base 13) in base 15?
7ed7b
What is 15b8857 (base 12) in base 15?
5d563d
What is 34405 (base 13) in base 6?
2012304
What is -1ae28 (base 16) in base 13?
-3b17a
Convert -88a41 (base 15) to base 5.
-102344221
521021 (base 9) to base 7
2425132
What is -6110b7 (base 13) in base 15?
-2e937b
Convert 100000000111101000 (base 2) to base 5.
13202220
What is 435de0 (base 16) in base 11?
2546016
Convert -3cec0e (base 15) to base 3.
-12112010212112
Convert -bfefa (base 16) to base 10.
-786170
What is 15bb (base 12) in base 13?
1244
-7431360 (base 8) to base 11
-1131a40
What is 211400 (base 9) in base 7?
1032336
What is -111101000111101100 (base 2) in base 5?
-31002343
What is 3643863 (base 10) in base 9?
6763386
-10100021211111 (base 3) to base 2
-110110001111000011100
Convert -30534165 (base 7) to base 11.
-14a0965
-3034225 (base 6) to base 10
-144809
What is -213212021113 (base 4) in base 9?
-21470441
-21010021010 (base 3) to base 13
-4ba47
7e6f4 (base 16) to base 8
1763364
What is 4a03 (base 14) in base 11?
97a3
What is 51352 (base 9) in base 10?
33824
Convert 4654432 (base 7) to base 4.
2032311022
What is 8306c (base 13) in base 15?
49a2e
100021002210022 (base 3) to base 9
10232708
What is -10030021 (base 4) in base 2?
-100001100001001
3321433 (base 5) to base 16
e18f
What is -103a39 (base 11) in base 15?
-34416
What is 5003b (base 14) in base 11?
121397
What is -72ee77 (base 16) in base 3?
-112011200011120
-2314403042 (base 5) to base 13
-1112365
Convert 2222011210 (base 3) to base 15.
124b9
2b8b4 (base 13) to base 10
82788
Convert -110110001302 (base 4) to base 12.
-194966a
What is 239180 (base 14) in base 6?
42021100
Convert -120202022102 (base 3) to base 7.
-2430641
-1120344303 (base 5) to base 3
-11201122102211
-27bd55 (base 14) to base 9
-2528347
311665 (base 7) to base 2
1101000100000010
What is -1100010101101011 (base 2) in base 14?
-145bd
2230002031 (base 4) to base 2
10101100000010001101
Convert 4b8d5 (base 14) to base 4.
231110003
What is -32850 (base 11) in base 8?
-134770
-4665942 (base 10) to base 7
-54442221
Convert 14758785 (base 10) to base 11.
8370548
Convert -110010110111101011101 (base 2) to base 6.
-55421101
Convert 33101132 (base 4) to base 13.
22622
What is -11110101010101011010 (base 2) in base 5?
-224124030
876894 (base 14) to base 9
8564748
-102112021022 (base 3) to base 11
-145538
Convert 11111111010101111 (base 2) to base 8.
377257
Convert 2210210200 (base 3) to base 5.
3232020
100110000101110110101 (base 2) to base 4
10300232311
What is -11bc6d (base 14) in base 11?
-386501
Convert -245738 (base 12) to base 2.
-10010000000111011100
4411750 (base 9) to base 11
1379570
What is -411221223 (base 5) in base 16?
-1963c2
Convert -301412203 (base 5) to base 14.
-233928
What is 21179 (base 15) in base 4?
121220010
What is 242479 (base 14) in base 3?
2022210001100
What is 14241224030 (base 5) in base 11?
a60a243
-285ca (base 15) to base 8
-375035
Convert -57412733 (base 8) to base 11.
-7039501
Convert -254634 (base 9) to base 15.
-30ae1
-22002222 (base 4) to base 16
-a0aa
131122333013 (base 4) to base 5
3433301321
What is -1500215 (base 9) in base 7?
-10012451
-2631230 (base 8) to base 4
-2303022120
-12022110021121 (base 3) to base 9
-5273247
15d740 (base 16) to base 11
898447
Convert -304302001 (base 5) to base 4.
-10233231201
Convert -1299870 (base 13) to base 10.
-5847660
4255717 (base 9) to base 16
22cdbf
Convert -36017505 (base 8) to base 16.
-781f45
-5b753a (base 12) to base 5
-340010433
Convert 123538 (base 12) to base 10.
296252
What is -1720996 (base 11) in base 13?
-7b7490
What is -12212120000 (base 3) in base 11?
-7992a
-105b03 (base 13) to base 12
-166378
-101111011000001000 (base 2) to base 9
-325167
What is 141554 (base 8) in base 6?
1023340
Convert -110121221001220 (base 3) to base 9.
-13557056
What is -1b53c (base 16) in base 4?
-123110330
Convert 100101001110101100111 (base 2) to base 9.
2258402
Convert -12a86ce (base 15) to base 14.
-1add69b
-21201012112 (base 3) to base 5
-14324111
-134420310 (base 5) to base 3
-1022122001012
What is 10211002131 (base 4) in base 9?
2228430
What is 14243010 (base 5) in base 6?
3113151
Convert -4324142111 (base 5) to base 4.
-203020103013
-42135141 (base 6) to base 9
-2267507
What is -142401 (base 6) in base 10?
-13537
-685733 (base 12) to base 16
-1975d7
What is -121122322330 (base 4) in base 12?
-22944a4
Convert 20432300 (base 5) to base 14.
4642a
What is -24313 (base 14) in base 9?
-144246
-7cd5 (base 14) to base 2
-101010011110011
-14053a0 (base 13) to base 14
-ba873d
What is -333b5c (base 15) in base 3?
-11121002201220
Convert 11111011011100000100 (base 2) to base 16.
fb704
What is -34355515 (base 6) in base 2?
-100000010001011100111
What is -6346 (base 11) in base 16?
-20cf
What is -1001110110010000 (base 2) in base 15?
-be41
What is 10101110020 (base 3) in base 12?
326b9
What is 3992 (base 10) in base 12?
2388
111c83 (base 14) to base 11
367942
Convert 20469 (base 13) to base 11.
3a543
-27a0e (base 15) to base 3
-20110101212
-11001011101111010111110 (base 2) to base 11
-384a995
What is -140a45 (base 11) in base 14?
-5a6ca
Convert -822523 (base 11) to base 15.
-1b1607
Convert -2578557 (base 9) to base 12.
-580207
121ad (base 16) to base 2
10010000110101101
Convert -615c8 (base 13) to base 8.
-524754
54143515 (base 6) to base 4
12012221213
What is -196cb (base 14) in base 6?
-1214243
What is -40339 (base 14) in base 12?
-75367
1133402 (base 5) to base 7
115344
Convert -10011001022101 (base 3) to base 4.
-12120230122
What is 351876 (base 9) in base 5?
23231043
-aa6a7b (base 14) to base 6
-323523325
What is 86383 (base 16) in base 7?
4446544
What is -5266352 (base 9) in base 3?
-12022020101202
Convert -53647 (base 8) to base 9.
-33702
What is 1081177 (base 10) in base 15?
165537
236744 (base 16) to base 10
2320196
Convert 11285 (base 11) to base 5.
1010212
What is -6c46 (base 15) in base 10?
-23016
Convert 342033 (base 7) to base 4.
32310333
10aef (base 16) to base 14
1ac91
What is 9a93 (base 13) in base 10?
21583
623341 (base 11) to base 4
3310020311
What is -11212101 (base 3) in base 6?
-24231
Convert -968888 (base 10) to base 5.
-222001023
3511234 (base 6) to base 7
1351051
Convert 20102121012 (base 3) to base 9.
212535
-28816313 (base 9) to base 10
-14301048
Convert -10554141 (base 6) to base 11.
-203105
What is -10202153 (base 6) in base 14?
-79c21
Convert -20420545 (base 7) to base 13.
-4827c1
373a174 (base 11) to base 14
c12883
-3576136 (base 8) to base 15
-145ee0
Convert -14663163 (base 7) to base 3.
-2